+ 35 = -2*f. What is the greatest common factor of a and f?
1
Suppose -8*y + y = -119. What is the greatest common factor of y and 17?
17
Suppose 4 = -4*g, 2*l - 5*g = -6*g + 5. Suppose 0 = -l*c + 36 - 12. Calculate the greatest common divisor of c and 32.
8
Let k(z) = 3*z**2 + 2. Let u be k(-4). Let g = 27 - -48. What is the highest common divisor of g and u?
25
Let y = -3 - -25. Let i(h) = -h**3 + 2*h**2 + 5*h - 4. Let z be i(3). What is the greatest common factor of z and y?
2
Let o(g) = 34*g - 198. Let r be o(6). Let t = -20 + 86. Calculate the highest common factor of t and r.
6
Suppose 3 = -3*f - 3, 0 = u + 2*f + 119. Let b = -59 - u. Let r be (-114)/(-15) - (-2)/5. What is the highest common divisor of r and b?
8
Let y(j) = -j + 2. Let r be y(-14). Let g = -38 + 214. Calculate the greatest common factor of g and r.
16
Let r(s) = s**3 + 5*s**2 + 6. Let i(o) = o**3 + 7*o**2 + 6*o - 5. Let a be i(-6). Let f be r(a). What is the greatest common divisor of 6 and f?
6
Suppose i + 7 - 8 = 0. Suppose 0 = -4*t + u + 37, 2*t = 7*u - 4*u + 21. What is the greatest common factor of i and t?
1
Let f(t) = 7*t**2 - t - 2. Let a be f(-2). Let v be a/3 - 3/9. What is the greatest common factor of 1 and v?
1
Let w be 2/1*(-65)/(-2). Let z(d) = d**3 + 7*d**2 - d - 5. Let o be z(-6). Suppose -3*v = -41 - o. What is the greatest common divisor of v and w?
13
Let h(g) = -g + 13. Suppose c = 6*c - 25. Suppose 45 = c*x - m + 1, -5*m = 4*x - 41. Let o be h(x). What is the greatest common factor of o and 8?
4
Suppose 3*h = -3, 2*z = 3*z - h + 7. Let v = z + 23. Calculate the greatest common factor of 90 and v.
15
Let j be ((-700)/(-30))/((-2)/(-3)). Calculate the highest common divisor of 5 and j.
5
Suppose 0 = -7*x - 3*x + 100. Calculate the highest common factor of x and 50.
10
Suppose -4*n - 187 = -5*n. Calculate the highest common factor of n and 17.
17
Let k = 12 + -9. Let o be (k/(-9))/((-2)/126). What is the greatest common factor of o and 231?
21
Suppose 0 = 2*x + 2*x - 48. Suppose -o + 3*m - 15 = -4*o, -2*m = 3*o - x. Calculate the greatest common factor of 1 and o.
1
Suppose 0 = -q - 0*q - 4*k - 2, 4*q = 4*k + 12. Suppose -q*d - d + 648 = 0. Let o be (25 - (1 + -1)) + -1. What is the greatest common factor of o and d?
24
Let x be ((-24)/9)/(3 - 76/24). What is the greatest common factor of x and 24?
8
Let u(j) = j - 1. Let s(k) = 3*k - 202. Let t(m) = -s(m) + 4*u(m). Let h be t(0). What is the highest common divisor of 18 and h?
18
Let m be 11 - ((2 - 1) + -4). Suppose -332 - 298 = -5*y. What is the greatest common factor of m and y?
14
Let l = 10 - 1. Calculate the highest common factor of 9 and l.
9
Let m be 10/(((-16)/(-12))/(14/3)). Calculate the greatest common factor of m and 5.
5
Let p = -1 - -4. Let a be (-7)/(-14) - p/(-2). What is the greatest common divisor of 22 and a?
2
Let t = -15 - -29. Let n(c) = c**3 + 8*c**2 - 16*c - 16. Let w be n(-8). What is the greatest common factor of t and w?
14
Suppose 47 = 2*y - 9. Let b = 161 + -147. Calculate the highest common divisor of b and y.
14
Let p(h) = 2*h + 18. Let z be p(10). What is the greatest common factor of 38 and z?
38
Suppose -17 = -2*s + 5*a + 26, 91 = 4*s - 5*a. Let t = 2 + 1. Suppose t*h + 9 = 27. Calculate the greatest common factor of h and s.
6
Let k = 33 - -97. What is the greatest common factor of 26 and k?
26
Let p(y) = 5*y**2 + y. Let k be p(2). Suppose -3*u + k = -u. Suppose -3*f = 2*s - 91, 5*f - 177 = 4*s - s. What is the highest common divisor of f and u?
11
Suppose 0 = -4*o - 3*x + 49 + 22, -3*x + 31 = 2*o. Let h(j) = -3*j + 19. Let t be h(5). What is the greatest common factor of t and o?
4
Let s be 20/30*(68 - -1). What is the greatest common divisor of 23 and s?
23
Let p(x) = -8*x - 1. Let a be p(-3). Let g = -4 + a. Let o = -9 + g. What is the highest common factor of 20 and o?
10
Let n be ((-6)/(-9))/((-1)/36). Let k be ((-10)/3)/(4/n). What is the highest common divisor of k and 10?
10
Let a(t) = 17 - 1 - 25*t**2 + 24*t**2 + t. Let b be a(0). Calculate the greatest common factor of b and 24.
8
Suppose -23 = -b + 42. Suppose -u + 0*u = 6. Let m(w) = -w**2 - 8*w + 1. Let q be m(u). What is the greatest common divisor of q and b?
13
Let y = 89 + -74. What is the highest common factor of y and 15?
15
Suppose -3*i - 9 = -4*a, 0 = -9*a + 6*a - 2*i + 28. What is the highest common factor of 54 and a?
6
Suppose -y - 4*y + 150 = 0. Calculate the highest common factor of y and 12.
6
Let y be ((-14)/2)/(1100/(-121) - -9). Calculate the highest common divisor of 33 and y.
11
Suppose 23*v - 27*v = -12. Calculate the greatest common factor of v and 2.
1
Let i(q) = 7*q**2 + 25*q - 105. Let t be i(6). What is the highest common factor of 27 and t?
27
Let v(d) be the second derivative of -d**5/20 - d**4/3 + 11*d**3/6 + 4*d**2 - 3*d. Let j be v(-8). Calculate the highest common factor of j and 16.
16
Let k be 1/4 + (-21)/(-12). Suppose 10 = k*z - 22. Let f = 36 + 12. Calculate the highest common divisor of f and z.
16
Let c(b) = 3*b**3 + 9*b**2 - 6*b - 5. Let k(a) = -a**3 - a**2 + 1. Let t(g) = c(g) + 2*k(g). Let n be t(-7). What is the highest common divisor of 13 and n?
13
Suppose -2*k = -3*m + 17, -15 = -3*k - 0*k. Suppose -11 = -4*i + 25. What is the highest common factor of m and i?
9
Let d = -28 + 46. What is the greatest common divisor of 126 and d?
18
Suppose 4*o - 8 = 0, 2*o - 478 = -4*f + 3*o. Calculate the greatest common divisor of 24 and f.
24
Let c be ((-336)/(-9))/4*18. Suppose a = 2*a - c. Suppose 2*g = 4*q - a, -5*g - 140 = -q - 2*q. What is the highest common divisor of q and 16?
8
Let v be (0/2 - 2)*-14. Calculate the highest common factor of 56 and v.
28
Let k be 40/((-45)/10 + 5). What is the highest common divisor of k and 60?
20
Let y = -17 - -38. Let m = 667 - 457. What is the highest common factor of m and y?
21
Let l = 76 + -28. Suppose -133 = -4*v - 37. Calculate the greatest common factor of v and l.
24
Suppose 2*o - 4*o = -1280. Suppose -6*f = -2*f - o. Let k be 1 - 19*-1*1. What is the highest common divisor of f and k?
20
Suppose -5*h + 2*h - 2 = a, 0 = 5*a - 4*h - 66. Calculate the highest common divisor of a and 50.
10
Let y = 6 - 2. Calculate the greatest common divisor of 32 and y.
4
Suppose m = 3*m - 20. Suppose 28 = d - 2*a, 15 + m = -5*a. Let v be 6/(-4)*(-960)/d. What is the highest common factor of 8 and v?
8
Suppose -2*h - 756 = -5*h + o, 4*o - 12 = 0. What is the greatest common divisor of h and 23?
23
Suppose 48 = 5*l + 3*k, -5*l + 2*k + 22 + 21 = 0. Calculate the greatest common factor of 18 and l.
9
Let p(k) = k**3 + 7*k**2 - 3*k - 5. Let m be p(-6). Let j(f) = -2*f + 1. Let t be j(-3). Calculate the highest common factor of m and t.
7
Suppose -5*b = -3*q + q + 245, 2*b + 236 = 2*q. What is the highest common divisor of q and 23?
23
Suppose -5*t + 91 = 2*g, t + 4*g - 80 = -3*t. What is the greatest common divisor of 136 and t?
17
Suppose 4*p = -p + 570. What is the highest common divisor of 285 and p?
57
Suppose 0 = -p + 5*p - 12. Calculate the highest common divisor of 21 and p.
3
Let t be (-7 + 4)*(-2)/6. What is the greatest common divisor of 13 and t?
1
Suppose -s - i = -5, -2*s = s - 4*i - 8. Calculate the highest common factor of s and 1.
1
Suppose -2*o + 521 = 2*d + 21, 265 = d - 4*o. What is the highest common factor of 23 and d?
23
Let y(r) = 12*r + 351. Let n be y(-27). Suppose 6*u - u - 45 = 0. Calculate the highest common divisor of u and n.
9
Suppose -9 = -3*h, -5*s + h + 84 = -h. Calculate the highest common divisor of s and 126.
18
Let t be (28 - -2)*(1 - -1). What is the greatest common divisor of t and 20?
20
Let k(n) = -n**3 + n**2 - 1. Let y be k(-1). What is the greatest common divisor of y and 11?
1
Let p(w) = 3*w. Let n = 1 - 2. Let f be p(n). Let q be f/(17/(-14) + 1). Calculate the greatest common factor of 21 and q.
7
Let s(j) = 32*j**2 - 2*j + 2. Let x be s(1). Calculate the highest common factor of 16 and x.
16
Let c(r) = -27*r - 2. Suppose k + 0*k = -2. Let u be c(k). Calculate the highest common factor of u and 13.
13
Suppose -2*y = y - 48. Suppose 3*x + 1 - 7 = 0. Let p be 60/8 - x/(-4). Calculate the highest common factor of p and y.
8
Let v be (-14)/(-2)*(-420)/(-98). Let j = v - 22. Calculate the highest